- q = 122493 + 632958. Is g a composite number?
True
Let p(t) = -7*t**2 + 14*t - 95. Let n(x) = 7*x**2 - 15*x + 96. Let i(l) = -2*n(l) - 3*p(l). Is i(10) a composite number?
False
Let m(q) = -713*q + 2*q**2 - q**2 + 730*q - 18. Let x be m(-18). Suppose -5*r + 5*f = -1955, 5*r - 4*f + x*f - 1955 = 0. Is r a prime number?
False
Let m = 2 - 2. Let r be (62 - 66)/(4/(-463)). Suppose -2*g + 327 = 2*j - r, m = g - 3*j - 379. Is g a prime number?
False
Let r be 21/(-63)*(-13 + 1). Suppose 55047 = r*z + u - 36272, 0 = -u + 3. Is z a composite number?
True
Let c = -214451 + 411997. Is c composite?
True
Let m = 148 - 71. Let d = m - 47. Let k = 47 + d. Is k a prime number?
False
Let h(o) = -5597*o**3 - 5*o**2 - 12*o - 6. Let b be h(-1). Let v = 41915 - b. Is v a prime number?
False
Let w(a) = 4*a**3 + 50*a**2 - 27*a + 89. Let o(r) = r**3 + 17*r**2 - 9*r + 30. Let i(b) = 7*o(b) - 2*w(b). Is i(17) a prime number?
True
Suppose f = -5*j + 36, 0 = -j - 4*f + f + 10. Let u = 17960 + -17321. Suppose 10*h = j*h + u. Is h composite?
True
Let m be (-3)/(-24) + (-385)/(-56). Suppose -m*p = -5*p - 12. Suppose -2887 = 5*i - p*i. Is i composite?
False
Suppose 0 = 14*z - 5*z - 45. Suppose -5*i = -3*s + 3628 + 2032, -z*i - 3765 = -2*s. Is s prime?
False
Let l = 197 + -181. Suppose l*i - 3014 = 14*i. Is i a prime number?
False
Let f be (3 + (-96)/40)/((-1)/(-5)). Suppose -42153 = -3*s + f*v, s = -0*v - 4*v + 14031. Is s composite?
True
Let d = -9751 + 14898. Is d prime?
True
Let w(f) = 544*f**2 + 7*f + 14. Let y be w(-7). Let r = -14827 + y. Is r/34 + (-4)/(-34) a composite number?
False
Let z be 982 - ((1 - 2) + 1). Suppose -497 = -q + s, -7*s + 2*s - z = -2*q. Let h = q - -1130. Is h prime?
False
Let v be (-4)/10 - 4472/(-5). Suppose -v = 51*f - 53*f. Is (14/(-21))/((-2)/f) composite?
False
Is 1007629/(22/(-2 + 24)) composite?
True
Suppose 0 = 4*g - 1 + 9. Let u be 0*((-4)/g)/(1*-2). Suppose 22*x - 20*x - 1822 = u. Is x prime?
True
Let g(m) = 2710*m**3 + 4*m**2 + 6*m - 7. Is g(3) a composite number?
True
Let o = -864 + 1610. Let l = o + -37. Is l prime?
True
Let j(q) = 107*q**2 - 4*q - 17. Let v be (4 + -2 + 1)/(15/165). Suppose -5*h = -2*n - v, -4*n + 13 = -n + 5*h. Is j(n) prime?
False
Suppose 6*h - 3*h = -4*l - 2, -h - 6 = 4*l. Let v be -11 + 15 - (-4903 - (-1 + h)). Suppose v = 5*i + i. Is i a composite number?
True
Let i(a) = -160*a - 1. Let t be (1/(-1))/((-6 + 4)/30). Suppose -2*w - 5 = 2*s + t, -5*s - 5 = 0. Is i(w) composite?
False
Let n(t) = 3*t + 14. Let r be n(-2). Suppose -g - 1 = c, 2*c - g + 1 = r. Suppose c*b + 5*j - 256 = b, -2*b - 3*j = -505. Is b a prime number?
True
Suppose 0 = 4*r - 6*r - 5*x + 33861, -5*r - 4*x + 84695 = 0. Is r composite?
False
Suppose -2*i = 3*p - 17506, -68*i - p = -66*i - 17498. Is i composite?
False
Let c be 4090/15 + 1/3. Is (2199/9)/(7/c) a composite number?
True
Let k(q) = 60*q**2 - 7*q - 27. Let p = -650 - -642. Is k(p) composite?
True
Suppose 0 = -468*p + 459*p - 54. Is (2 - -1)*1/(p/(-12778)) composite?
False
Let n(g) = -g + 2. Let v be n(-1). Suppose -2*x + s - 4298 = 0, -3*x + v*s = -2*s + 6461. Let z = x - -5004. Is z composite?
False
Let s = -62 - -62. Suppose s = f + 2*f - 138. Suppose 0 = -3*z + 2*z + 3*q + f, -2*z + 102 = 4*q. Is z a composite number?
True
Is (-306)/(3 + -20) + 97089 prime?
False
Let f be ((-113136)/(-72))/(6/27). Suppose 0 = t - 3*g - 7076, 3*t = 4*t - 2*g - f. Is t a prime number?
False
Let p(i) = i**3 - 2*i**2 + i + 140. Let t be p(0). Is 4146/4*(t/(-21))/(-2) a composite number?
True
Suppose -4*q - 4*q + 42112 = 0. Let o = q - 3487. Is o prime?
True
Let z(h) be the second derivative of -65*h**4/8 - 9*h**3/2 - 41*h**2/2 - 21*h. Let y(x) be the first derivative of z(x). Is y(-4) prime?
False
Suppose 70005 = 8*o - 3*o. Suppose 2*n + m - o = 0, -n + 3*m = 6*m - 6988. Is n a composite number?
True
Let d be (-1)/(-1)*(-12 + 12). Suppose -19*j + 23*j + 5*k - 160059 = d, 200095 = 5*j + 2*k. Is j composite?
True
Let j(a) = 22*a - 9. Let r be j(2). Suppose -2*f + 4*s - r + 131 = 0, 218 = 5*f + s. Let v = 15 + f. Is v composite?
False
Let o = 4266 - 1677. Let k = o + 1574. Is k prime?
False
Let d(r) = -r**3 - 4*r**2 + 3*r - 8. Let z be d(-5). Suppose 4*x - 4252 = z*a, 3*x - 2*a = -0*x + 3191. Is x composite?
False
Is (840 - 0) + (-78)/(-6) prime?
True
Let u(r) = r. Let n(w) = 43. Let s(a) = n(a) + 4*u(a). Let f be s(12). Suppose -93*o + 1354 = -f*o. Is o a prime number?
True
Let q = 111 - 108. Suppose 0 = 2*u + q*j - 4069, u = -0*u + 2*j + 2045. Is u a prime number?
True
Let a(w) = w**2 + 17*w + 1207. Let q = 226 + -226. Is a(q) a prime number?
False
Let t = 75 + -50. Let z be (t/10 - 3)*-10. Suppose -4*v = p - 1199, -4*v - 3388 - 2679 = -z*p. Is p a prime number?
False
Let l(m) = m**3 + 59*m**2 - 82*m - 46. Is l(-56) composite?
True
Suppose -298416 = -15*w + 11*w - 4*d, -w - 4*d = -74607. Suppose 1991 + w = 14*k. Is k a prime number?
True
Let u be 10/15 + -1 - (-16)/3. Suppose -3*l = 2*f + 3*f + u, -3*l + 5 = -5*f. Suppose l = 2*k - 669 + 83. Is k composite?
False
Is -62*(2881*33/(-22) + 10) prime?
False
Suppose -t - s + 11 = -0*t, -s - 39 = -4*t. Let h be t/30 - 2/(-3). Suppose 3*i - 15 = -4*x, 2*x - 2*i - 3*i - h = 0. Is x composite?
False
Suppose u - 160707 = -132*r + 131*r, -u + 160699 = 5*r. Is u composite?
False
Let x = -18087 + 47678. Is x prime?
False
Let c(o) = 5*o + 3. Let t be c(1). Is (-4 + 3)/t + 2313/8 prime?
False
Let q = 282 - -2718. Let x = 5903 - q. Is x a composite number?
False
Let i = 470234 - 213063. Is i a prime number?
True
Let z(m) be the second derivative of 434*m**3 + 29*m**2/2 + 20*m. Let h(y) = -651*y - 7. Let n(k) = -9*h(k) - 2*z(k). Is n(4) a prime number?
True
Let o(l) = 156*l + 3. Let q(n) = 312*n + 4. Let f(m) = -9*o(m) + 4*q(m). Let r be (-7)/14 + (-9)/2. Is f(r) composite?
False
Let t(n) = 3*n - 11. Let m(w) = 1. Let k(b) = 6*m(b) - t(b). Let y be k(7). Is y*2*(-1115)/40 prime?
True
Let i(j) = 538*j**2 - 63*j + 381. Is i(16) composite?
True
Is 79816 - (6/(-10) + (-23)/(230/4)) prime?
True
Suppose -8*m - 3*n + 5992277 + 5290887 = 0, 0 = -4*m - 5*n + 5641568. Is m a composite number?
False
Let a(x) = -3*x**3 + 3*x**2 + 8*x + 67. Let t be a(-16). Suppose 6*w - t = 1615. Is w prime?
False
Let s(g) = 6*g + 16. Let p be s(-9). Let z = -38 - p. Suppose -3*k + 5*o + 356 = z, 8*k - 4*k + 2*o = 518. Is k prime?
True
Let f be (-13)/((-507)/26)*(-33)/(-2). Let o(l) = 335*l**2 + 6*l + 7. Let r be o(-5). Suppose -1895 = f*k - r. Is k a prime number?
True
Let m be -435 + -2 - (-60)/(-12). Let c = 531 - m. Is c a prime number?
False
Let b = -138 - -156. Is -373419*(34/b - 2) a composite number?
False
Let a = -114 + 119. Suppose a*p = -15, -4*p = -3*n + 6 + 6. Suppose -10*g + g + 10827 = n. Is g a prime number?
False
Suppose -5*r + 0*r + 6840 = 0. Let z be (2/4)/((-19)/(-30590)). Let n = r - z. Is n prime?
True
Suppose -4*o = 5*z - 43262, -3*o - z + 3616 = -28847. Is o composite?
True
Let k(c) = 8232*c - 6557. Is k(56) prime?
False
Suppose m - z - 29 = 0, 3*m - 4*z = -25 + 113. Suppose 5*j + 2*j - m = 0. Suppose -5*h = -4*y - 6291, j*h - 4701 - 303 = -4*y. Is h a prime number?
False
Let s = -3243 - -982. Let k = s - -5682. Is k a prime number?
False
Let s(q) = q + 1. Let c(l) = -172*l + 15. Let k(t) = -c(t) + 2*s(t). Let g be k(5). Suppose -3*o = 5*d - 7374, 0 = d - 5*o - 601 - g. Is d a composite number?
True
Let d = -46 - -65. Let y(g) = g**2 - 18*g - 12. Let m be y(d). Suppose 724 = m*x - 3*x. Is x prime?
True
Let y(x) = -8*x + 31. Let b(z) = -7*z + 31. Let s(v) = -5*b(v) + 4*y(v). Let k be s(11). Suppose 3*i = -k*g + g + 1515, -5*i - 2*g = -2525. Is i prime?
False
Let p = -32452 + 201587. Is p a composite number?
True
Let a be 28/13 - (-2)/(-13). Suppose -a*z - 3*w + 9 = -0*z, 4*z = 3*w - 9. Suppose -4*l - 175 = -2*r - 5*l, -5*r + 4*l + 457 = z. Is r a prime number?
True
Let o(t) = -4*t - 6. Let y be o(-2). Let p be 1/2*y + 5. Is (-1933)/(-2) + p/12 a prime number?
True
Suppose -12*d + 559843 = -109241. Is d a composite number?
True
Suppose 0 = 2*z - 4*m - 4746, 3*z = 4*m + 7449 - 336. Suppose 5217 = 2*o + 5*c - 1511, -5*o - 3*c + 16820 = 0. Let l = o - z. Is l a composite number?
False
Let s = -328 + 337. Is s/(-6)*((-96236)/(-6))/(-7) a prime number?
False
Let j(s) = 305*